{"id":2223,"date":"2019-08-26T13:54:33","date_gmt":"2019-08-26T11:54:33","guid":{"rendered":"http:\/\/africasium.com\/?page_id=2223"},"modified":"2020-09-11T12:56:42","modified_gmt":"2020-09-11T10:56:42","slug":"solutions_fr","status":"publish","type":"page","link":"https:\/\/africasium.com\/?page_id=2223","title":{"rendered":"solutions"},"content":{"rendered":"\t\t<div data-elementor-type=\"wp-post\" data-elementor-id=\"2223\" class=\"elementor elementor-2223\">\n\t\t\t\t\t\t<section class=\"elementor-section elementor-top-section elementor-element elementor-element-469054a elementor-section-boxed elementor-section-height-default elementor-section-height-default\" data-id=\"469054a\" data-element_type=\"section\">\n\t\t\t\t\t\t<div class=\"elementor-container elementor-column-gap-default\">\n\t\t\t\t\t<div class=\"elementor-column elementor-col-100 elementor-top-column elementor-element elementor-element-78760fe\" data-id=\"78760fe\" data-element_type=\"column\">\n\t\t\t<div class=\"elementor-widget-wrap elementor-element-populated\">\n\t\t\t\t\t\t<div class=\"elementor-element elementor-element-0164707 elementor-widget elementor-widget-icon-box\" data-id=\"0164707\" data-element_type=\"widget\" data-widget_type=\"icon-box.default\">\n\t\t\t\t<div class=\"elementor-widget-container\">\n\t\t\t\t\t\t\t<div class=\"elementor-icon-box-wrapper\">\n\n\t\t\t\n\t\t\t\t\t\t<div class=\"elementor-icon-box-content\">\n\n\t\t\t\t\t\t\t\t\t<h4 class=\"elementor-icon-box-title\">\n\t\t\t\t\t\t<span  >\n\t\t\t\t\t\t\t<br><br><br><br><br><br><span style=\"font-family: Raleway, sans-serif;font-size: 31.5px;font-weight: 200\">ETUDES DE MARCHES, DONNEES ET INFORMATIONS STRATEGIQUES SUR LES CONSOMMATEURS ET LES MARCHES AFRICAINS<\/span> <br><br>\t\t\t\t\t\t<\/span>\n\t\t\t\t\t<\/h4>\n\t\t\t\t\n\t\t\t\t\n\t\t\t<\/div>\n\t\t\t\n\t\t<\/div>\n\t\t\t\t\t\t<\/div>\n\t\t\t\t<\/div>\n\t\t\t\t\t<\/div>\n\t\t<\/div>\n\t\t\t\t\t<\/div>\n\t\t<\/section>\n\t\t\t\t<section class=\"elementor-section elementor-top-section elementor-element elementor-element-7032501 elementor-section-boxed elementor-section-height-default elementor-section-height-default\" data-id=\"7032501\" data-element_type=\"section\">\n\t\t\t\t\t\t<div class=\"elementor-container elementor-column-gap-default\">\n\t\t\t\t\t<div class=\"elementor-column elementor-col-33 elementor-top-column elementor-element elementor-element-54ebe26\" data-id=\"54ebe26\" data-element_type=\"column\">\n\t\t\t<div class=\"elementor-widget-wrap elementor-element-populated\">\n\t\t\t\t\t\t<div class=\"elementor-element elementor-element-d5b3310 elementor-position-top elementor-widget elementor-widget-image-box\" data-id=\"d5b3310\" data-element_type=\"widget\" data-widget_type=\"image-box.default\">\n\t\t\t\t<div class=\"elementor-widget-container\">\n\t\t\t\t\t<div class=\"elementor-image-box-wrapper\"><figure class=\"elementor-image-box-img\"><img decoding=\"async\" width=\"64\" height=\"64\" src=\"https:\/\/africasium.com\/wp-content\/uploads\/2016\/11\/up-arrow.png\" class=\"attachment-full size-full wp-image-529\" alt=\"\" \/><\/figure><div class=\"elementor-image-box-content\"><p class=\"elementor-image-box-title\">Etudes de march\u00e9s<\/p><p class=\"elementor-image-box-description\">Dans un monde qui \u00e9volue rapidement, s\u2019appuyer sur des donn\u00e9es fiables pour prendre les bonnes d\u00e9cisions n\u2019a jamais \u00e9t\u00e9 aussi essentiel. Et ce, d\u2019autant plus, sur le continent africain o\u00f9 l\u2019acc\u00e8s \u00e0 une information de qualit\u00e9 est peu ais\u00e9e.\n\nC\u2019est cette mission qui mobilise l\u2019\u00e9quipe d\u2019Africasium : fournir de la clart\u00e9 sur les march\u00e9s et les consommateurs africains avec des standards de qualit\u00e9 internationaux !<br><br><br><span style=\", sans-serif;font-size: 13px;text-align: start\"><a class=\"maxbutton-9 maxbutton maxbutton-view-details\" href=\"http:\/\/africasium.com\/?page_id=500\"><span class='mb-text'>EN SAVOIR PLUS<\/span><\/a><\/span><\/p><\/div><\/div>\t\t\t\t<\/div>\n\t\t\t\t<\/div>\n\t\t\t\t\t<\/div>\n\t\t<\/div>\n\t\t\t\t<div class=\"elementor-column elementor-col-33 elementor-top-column elementor-element elementor-element-58f69e8\" data-id=\"58f69e8\" data-element_type=\"column\">\n\t\t\t<div class=\"elementor-widget-wrap elementor-element-populated\">\n\t\t\t\t\t\t<div class=\"elementor-element elementor-element-05f2d9f elementor-position-top elementor-widget elementor-widget-image-box\" data-id=\"05f2d9f\" data-element_type=\"widget\" data-widget_type=\"image-box.default\">\n\t\t\t\t<div class=\"elementor-widget-container\">\n\t\t\t\t\t<div class=\"elementor-image-box-wrapper\"><figure class=\"elementor-image-box-img\"><img decoding=\"async\" width=\"64\" height=\"64\" src=\"https:\/\/africasium.com\/wp-content\/uploads\/2016\/11\/001-group.png\" class=\"attachment-full size-full wp-image-531\" alt=\"\" \/><\/figure><div class=\"elementor-image-box-content\"><p class=\"elementor-image-box-title\">Business connector<\/p><p class=\"elementor-image-box-description\">Gr\u00e2ce \u00e0 son implantation locale et \u00e0 sa une forte ma\u00eetrise du terrain, Africasium vous aide \u00e0 acc\u00e9der aux bons contacts et aux partenaires utiles \u00e0 vos projets dans vos march\u00e9s d\u2019int\u00e9r\u00eat.<br><br><br><br><br><br><br><br><span style=\", sans-serif;font-size: 13px;text-align: start\"><a class=\"maxbutton-10 maxbutton maxbutton-view-details\" href=\"http:\/\/africasium.com\/?page_id=508\"><span class='mb-text'>EN SAVOIR PLUS<\/span><\/a><\/span><\/p><\/div><\/div>\t\t\t\t<\/div>\n\t\t\t\t<\/div>\n\t\t\t\t\t<\/div>\n\t\t<\/div>\n\t\t\t\t<div class=\"elementor-column elementor-col-33 elementor-top-column elementor-element elementor-element-2783e85\" data-id=\"2783e85\" data-element_type=\"column\">\n\t\t\t<div class=\"elementor-widget-wrap elementor-element-populated\">\n\t\t\t\t\t\t<div class=\"elementor-element elementor-element-06b26a6 elementor-position-top elementor-widget elementor-widget-image-box\" data-id=\"06b26a6\" data-element_type=\"widget\" data-widget_type=\"image-box.default\">\n\t\t\t\t<div class=\"elementor-widget-container\">\n\t\t\t\t\t<div class=\"elementor-image-box-wrapper\"><figure class=\"elementor-image-box-img\"><img decoding=\"async\" width=\"64\" height=\"64\" src=\"https:\/\/africasium.com\/wp-content\/uploads\/2016\/11\/003-business.png\" class=\"attachment-full size-full wp-image-533\" alt=\"\" \/><\/figure><div class=\"elementor-image-box-content\"><p class=\"elementor-image-box-title\">Corporate Services<\/p><p class=\"elementor-image-box-description\">Africasium fournit une gamme compl\u00e8te de services professionnels, allant de l\u2019enregistrement d\u2019une soci\u00e9t\u00e9 au recrutement de comp\u00e9tences locales, pour soutenir les op\u00e9rations commerciales.<br><br><br><br><br><br><br><span style=\", sans-serif;font-size: 13px;text-align: start\"><a class=\"maxbutton-11 maxbutton maxbutton-view-details\" href=\"http:\/\/africasium.com\/?page_id=512\"><span class='mb-text'>EN SAVOIR PLUS<\/span><\/a>&nbsp;<\/span><\/p><\/div><\/div>\t\t\t\t<\/div>\n\t\t\t\t<\/div>\n\t\t\t\t\t<\/div>\n\t\t<\/div>\n\t\t\t\t\t<\/div>\n\t\t<\/section>\n\t\t\t\t<\/div>\n\t\t","protected":false},"excerpt":{"rendered":"<p>ETUDES DE MARCHES, DONNEES ET INFORMATIONS STRATEGIQUES SUR LES CONSOMMATEURS ET LES MARCHES AFRICAINS Etudes de march\u00e9s Dans un monde qui \u00e9volue rapidement, s\u2019appuyer sur des donn\u00e9es fiables pour prendre les bonnes d\u00e9cisions n\u2019a jamais \u00e9t\u00e9 aussi essentiel. Et ce, d\u2019autant plus, sur le continent africain o\u00f9 l\u2019acc\u00e8s \u00e0 une information de qualit\u00e9 est peu<\/p>\n<div class=\"text-left\"><a class=\"btnklb btn-download-w\" href=\"https:\/\/africasium.com\/?page_id=2223\" >READ MORE<\/a><\/div>\n","protected":false},"author":1,"featured_media":0,"parent":0,"menu_order":0,"comment_status":"closed","ping_status":"closed","template":"","meta":{"footnotes":""},"class_list":["post-2223","page","type-page","status-publish","hentry"],"_links":{"self":[{"href":"https:\/\/africasium.com\/index.php?rest_route=\/wp\/v2\/pages\/2223"}],"collection":[{"href":"https:\/\/africasium.com\/index.php?rest_route=\/wp\/v2\/pages"}],"about":[{"href":"https:\/\/africasium.com\/index.php?rest_route=\/wp\/v2\/types\/page"}],"author":[{"embeddable":true,"href":"https:\/\/africasium.com\/index.php?rest_route=\/wp\/v2\/users\/1"}],"replies":[{"embeddable":true,"href":"https:\/\/africasium.com\/index.php?rest_route=%2Fwp%2Fv2%2Fcomments&post=2223"}],"version-history":[{"count":43,"href":"https:\/\/africasium.com\/index.php?rest_route=\/wp\/v2\/pages\/2223\/revisions"}],"predecessor-version":[{"id":3213,"href":"https:\/\/africasium.com\/index.php?rest_route=\/wp\/v2\/pages\/2223\/revisions\/3213"}],"wp:attachment":[{"href":"https:\/\/africasium.com\/index.php?rest_route=%2Fwp%2Fv2%2Fmedia&parent=2223"}],"curies":[{"name":"wp","href":"https:\/\/api.w.org\/{rel}","templated":true}]}}